 base 12, what is 1b991536 + -22?
1b991514
In base 8, what is 276311 - 536?
275553
In base 5, what is -112013302 + -14244?
-112033101
In base 7, what is 52205431 + -163?
52205235
In base 6, what is 5403 - 1320320?
-1310513
In base 7, what is -3210 - 203023?
-206233
In base 13, what is 25 - -538493?
5384b8
In base 8, what is -161075375 - 4?
-161075401
In base 10, what is 1332 + 309167?
310499
In base 14, what is -21563 + -260?
-217c3
In base 14, what is -14a0 - 5848?
-6d08
In base 2, what is 1101100000001101 - 1001010101011?
1100010101100010
In base 10, what is 272914 - -458?
273372
In base 11, what is 4 - -25319183?
25319187
In base 4, what is 21 - -1122033001030?
1122033001111
In base 11, what is 648a4780 - -2?
648a4782
In base 7, what is 20 - -6311260?
6311310
In base 9, what is -1678201416 + 3?
-1678201413
In base 2, what is 11110100 + -10101110010000?
-10101010011100
In base 3, what is -11200 - -1011102110222?
1011102022022
In base 9, what is -11508777 + -3?
-11508781
In base 14, what is 105 - 462?
-35b
In base 2, what is -101 - -100101010101110110011010100?
100101010101110110011001111
In base 14, what is -2a - 27136d1?
-271371b
In base 12, what is 1427 + -1170?
277
In base 11, what is 21 + -1a820a?
-1a8199
In base 12, what is 128465 - -18?
128481
In base 10, what is 447 + -1048035?
-1047588
In base 13, what is -425b - -303?
-3c58
In base 3, what is 20100002022101111 - -10?
20100002022101121
In base 8, what is -130265 + 1475?
-126570
In base 10, what is -7060 - 2551?
-9611
In base 8, what is 11072 - 20016?
-6724
In base 5, what is -1130414130 + -12?
-1130414142
In base 14, what is -ba7 - -84?
-b23
In base 11, what is -285352 - 37?
-285389
In base 10, what is -7554092 - 1?
-7554093
In base 15, what is -7634 - 159?
-778d
In base 13, what is 3476013b + -1?
3476013a
In base 8, what is -1703 + -1313236?
-1315141
In base 5, what is 2 - -33133002322?
33133002324
In base 8, what is -650530 + 3?
-650525
In base 5, what is -103241324 - -12?
-103241312
In base 7, what is -51330544226 + 5?
-51330544221
In base 14, what is -339cd24 + 0?
-339cd24
In base 6, what is 0 + 113500531?
113500531
In base 8, what is 5 - -604177?
604204
In base 11, what is -7492a - -192?
-74748
In base 4, what is -10 - -1213213330203?
1213213330133
In base 15, what is b814 + 1915?
d229
In base 11, what is -9788 - 23850?
-32528
In base 2, what is 11 - 101000011010111101110?
-101000011010111101011
In base 12, what is 93420 - -1437?
94857
In base 12, what is -193a7 + 4?
-193a3
In base 2, what is 1100110001100 - -1111011110011?
11100001111111
In base 14, what is -268097 + -1d?
-2680b6
In base 10, what is -291 + 754318?
754027
In base 4, what is 33002 - -1213311322?
1220010330
In base 7, what is -1353242 + -5?
-1353250
In base 14, what is -31c589 - -4c?
-31c53b
In base 9, what is -2 + -766616?
-766618
In base 14, what is 238995 + 36?
2389cb
In base 15, what is -8b983aa - 4?
-8b983ae
In base 11, what is -14 + -1370452?
-1370466
In base 11, what is 31 - -490379a?
4903820
In base 4, what is 13023321 + -1031200?
11332121
In base 15, what is -148 + 11023b?
1100e3
In base 13, what is 94 + -b8573?
-b84ac
In base 8, what is 3316311 + 1?
3316312
In base 9, what is 2 - -2245127?
2245130
In base 5, what is 3 - -33421412311?
33421412314
In base 12, what is -18144a2 + 59?
-1814445
In base 11, what is -3 - 9a396a34?
-9a396a37
In base 8, what is 23747142 - -51?
23747213
In base 10, what is 49 + 6580901?
6580950
In base 11, what is -2 + -24087101?
-24087103
In base 8, what is 2116320 - 42?
2116256
In base 7, what is 5 + 32660062?
32660100
In base 6, what is 131255021005 + 3?
131255021012
In base 10, what is -179540478 - -4?
-179540474
In base 15, what is -38 - -351ec4?
351e8b
In base 4, what is -11 + -23011133212?
-23011133223
In base 2, what is -1001111001000101101 - -1001110?
-1001111000111011111
In base 7, what is -1321 - -4603?
3252
In base 10, what is -7030005 + 1?
-7030004
In base 7, what is 12540226 + -3?
12540223
In base 15, what is 58 + ce7a?
ced3
In base 2, what is 101 - 111100001000111011001?
-111100001000111010100
In base 7, what is 11213106 + -64?
11213012
In base 4, what is -122212312 + -1121?
-122220033
In base 2, what is 11 + -10000001100101100110010?
-10000001100101100101111
In base 12, what is -7909b + -31?
-79110
In base 10, what is 95978 + 74?
96052
In base 7, what is -2125601 + 53?
-2125515
In base 16, what is -bd2a4 + -2?
-bd2a6
In base 6, what is -11520203354 - 1?
-11520203355
In base 10, what is 6241609 + 0?
6241609
In base 15, what is 9da2 - -d35?
abd7
In base 11, what is 376474 + 11?
376485
In base 12, what is 8516a + 5a?
85208
In base 9, what is -12 + 4728334?
4728322
In base 2, what is -101001110111101100001011 + 1101?
-101001110111101011111110
In base 11, what is -8598a6 + 242?
-859664
In base 10, what is -17606195 - 1?
-17606196
In base 16, what is -529 + 2fef?
2ac6
In base 13, what is 503 - -77?
57a
In base 8, what is -42 + -7615700?
-7615742
In base 14, what is -3 + -c9b0754?
-c9b0757
In base 7, what is 4 + 14465361?
14465365
In base 6, what is 221041520014 + 2?
221041520020
In base 7, what is 2 - 3451402241?
-3451402236
In base 3, what is 0 + 22212022120201?
22212022120201
In base 14, what is 4 + -d29c748?
-d29c744
In base 3, what is 1202201202200002 + 10?
1202201202200012
In base 7, what is -45 - -125111200?
125111122
In base 11, what is -161a62 - 962?
-162914
In base 3, what is 110 - 100011012210102?
-100011012202222
In base 9, what is -322 + 5753338?
5753016
In base 2, what is 10001101010101111 - -10110101111?
10010000001011110
In base 12, what is -14 + -1b8b28?
-1b8b40
In base 10, what is 25986701 - 16?
25986685
In base 8, what is 330564 + -12?
330552
In base 10, what is 15295 + -27362?
-12067
In base 8, what is -4 - 116330743?
-116330747
In base 14, what is 0 + d34002?
d34002
In base 7, what is 24060 + 153335?
210425
In base 3, what is 2012102001122 - -201?
2012102002100
In base 11, what is 1208a60 + 5?
1208a65
In base 11, what is -4 - -15a64000?
15a63aa7
In base 15, what is 31 - 49296?
-49265
In base 7, what is 2 + 30155440?
30155442
In base 14, what is -3927dc0d - -3?
-3927dc0a
In base 2, what is 10011111110001001111 - 11010?
10011111110000110101
In base 2, what is 100 + 11011001110101011001110?
11011001110101011010010
In base 4, what is -2 - -1132233013323?
1132233013321
In base 10, what is 4825 - 1809?
3016
In base 10, what is -4 + 2464279?
2464275
In base 11, what is -20a - 22792?
-229a1
In base 9, what is -464670 + 27?
-464642
In base 10, what is 12 + -14780782?
-14780770
In base 8, what is 3 - -77213134?
77213137
In base 4, what is 13230321233 - 2?
13230321231
In base 6, what is -31 - -23543230?
23543155
In base 14, what is 21d3 - -b36c?
d561
In base 8, what is -3 - 226033447?
-226033452
In base 12, what is 2189 + -563a?
-3471
In base 2, what is 1000111100111 + -101001011011111?
-100000011111000
In base 10, what is 6 - 18440?
-18434
In base 10, what is -10394645 - -2?
-10394643
In base 13, what is 6368 - -aa?
6445
In base 8, what is 13 - 126312224?
-126312211
In base 3, what is 1212111212010 + 22?
1212111212102
In base 5, what is 20331231300 + -4?
20331231241
In base 15, what is -6 + 8acb8b?
8acb85
In base 12, what is 273 + -5912?
-565b
In base 8, what is -6331 - -3011?
-3320
In base 6, what is 215512 + -3510?
212002
In base 9, what is 260 - -84386?
84656
In base 11, what is 488 + 187568?
187a45
In base 5, what is 3 + 3244214043?
3244214101
In base 15, what is 2 - -966047?
966049
In base 7, what is 2 + 101202615?
101202620
In base 7, what is -2144462331 - -5?
-2144462323
In base 16, what is 816eb + ab?
81796
In base 2, what is -1000101111100011110 - -11?
-1000101111100011011
In base 9, what is 85181 + -162?
85018
In base 11, what is 13 + -882762?
-88274a
In base 13, what is c - -898768?
898777
In base 5, what is 224 - 1242113232?
-1242113003
In base 5, what is 420424 - 3142?
412232
In base 14, what is 66468 + -ac?
6639a
In base 14, what is 2 + -7229272?
-7229270
In base 11, what is 2001 + -5532?
-3531
In base 6, what is 5243334204 - 1?
5243334203
In base 14, what is -102 + -ac037?
-ac139
In base 15, what is 2 + -45859e?
-45859c
In base 14, what is 51c + 5d21?
643d
In base 8, what is 5 - -3124472?
3124477
In base 2, what is -110011100001101010 - 11100